s the greatest common factor of 147 and k?
49
Suppose -22*b + 5*b + 646 = 0. Suppose -b*j - 228 = -41*j. What is the highest common factor of j and 494?
38
Let j(x) = -x**3 + 8*x**2 - 84*x + 459. Let p be j(5). What is the greatest common divisor of 6327 and p?
57
Let g(i) = 3234*i - 180. Let q be g(2). Calculate the greatest common factor of 24 and q.
24
Let n(a) be the third derivative of a**6/120 + 2*a**5/5 + 23*a**4/24 + 10*a**3/3 + 108*a**2. Let d be n(-23). What is the greatest common factor of 90 and d?
10
Let m = 22 + -8. Suppose -13 = o - m. Let h(p) = 4*p**2 - 6*p + 6. Let b be h(o). What is the highest common divisor of 16 and b?
4
Let m(g) = g**2 + 7*g - 18. Suppose 20*o + 154 = 9*o. Let v be m(o). Calculate the highest common factor of v and 100.
20
Let c = 1979 - 1343. Let a be ((-3)/10)/((-20)/(-200)) - -15. What is the highest common factor of c and a?
12
Let x be (0 + 2/3)/((594/(-54))/(-1122)). Let q be (8/(-10))/((-4)/170). Let c = q - 17. What is the highest common factor of c and x?
17
Let l(c) = 3*c**2 + 52*c - 715. Let r be l(-29). Calculate the highest common divisor of r and 380.
20
Suppose 2*l = 2*j + 64 - 6, -3*j = 5*l - 193. What is the highest common factor of 511 and l?
7
Let o(n) = -n**3 - 12*n**2 - 168*n - 16. Let u be o(-33). Calculate the greatest common factor of u and 73.
73
Let p(u) = -u**3 - 9*u**2 - u + 1. Let v be p(-9). Let r(l) = 34*l - 390. Let o be r(15). Calculate the greatest common divisor of v and o.
10
Let b(r) = -17*r - 54. Let v be b(-4). Let k = -309 + 169. Let l = -63 - k. What is the highest common factor of l and v?
7
Let i = 297 + -218. Suppose -3*u = -4*a + i, -2*a + 0*u + 37 = -u. Calculate the greatest common factor of a and 176.
16
Let c(t) = -t**2 - 18*t + 122. Let y be c(5). What is the highest common factor of 1351 and y?
7
Suppose 28*m - 19840 = -52*m. What is the highest common factor of 24 and m?
8
Suppose -26*l - 4*l + 12431 = 1511. Let c be (96/(-80))/(6/(-20)). Suppose -3*q + 4*q - 204 = -c*m, 2*m - q = 108. What is the highest common factor of l and m?
52
Suppose -21*t + 24222 = 13*t - 55236. Calculate the greatest common factor of t and 164.
41
Suppose -5*z = 6 - 1. Suppose 8 = -52*g + 60*g. Let m be (z/(-2)*g)/(9/54). What is the highest common divisor of 2 and m?
1
Suppose -3*i = -2*u - 67, 2*u = -2*i + i - 87. Let a be (-2)/(1 - -1) - u. Suppose -4*v = -5*v + 16. What is the greatest common factor of v and a?
8
Let l(s) = s - 12 + 18 - 9*s. Let n be l(-3). Let c be ((-25)/(-15) - (-2570)/15) + 7. Calculate the highest common divisor of c and n.
30
Let k(g) = -5*g + 43. Suppose -3 = 18*s - 147. Let o be k(s). Calculate the highest common factor of o and 24.
3
Suppose 4*y = 2*j + 556, 2*y - 162 - 108 = 5*j. Let q be (-8534)/(-153) + (-1)/(18/(-4)). Calculate the greatest common factor of y and q.
28
Let d be 8/(-30) - 755842/(-1095). What is the highest common divisor of d and 5290?
230
Let m = -1114 + 1704. Let b be m/12 - (-22)/(-132). What is the greatest common factor of 7 and b?
7
Let o(n) = 24*n. Let g be o(1). Suppose 3*x = 2*v + 1999 - 1887, x + 3*v - 30 = 0. What is the highest common factor of x and g?
12
Suppose 888 = -19*z + 12*z + 9*z. Calculate the highest common divisor of z and 1221.
111
Let y = 443 + -417. Suppose -4*l - y = -4*o + 18, 0 = -o + 5*l - 1. What is the highest common factor of 98 and o?
14
Let m be 26/(-7) - (-1)/(28/(-8)). Let t be 0 + (-1 - (-79 + m)). What is the greatest common divisor of t and 369?
41
Let u be (-27)/6*8 + -4. Let w = u - -68. Let s = -18 + w. Calculate the highest common divisor of s and 10.
10
Let k = 191 - 395. Let t = 216 + k. What is the highest common divisor of 12 and t?
12
Let p be 0/((90/75)/((-3)/(-5))). Let o be (p - 5/(-4))/(115/460). Suppose 2*j - 4*j = -4. Calculate the highest common factor of o and j.
1
Let i(k) = -4*k**2 - 28*k - 99. Let g be i(-12). Let s be g/(-12) - (-19)/(-76). What is the highest common factor of 12 and s?
4
Suppose -4*a - 42 = 102. Let o = a - -46. Suppose n + 4*b = 26, 0 = 2*b - o. Calculate the highest common factor of 15 and n.
3
Let g(w) = 2*w**2 - 68*w - 465. Let f be g(40). What is the greatest common factor of f and 5140?
5
Let v(t) = 1799*t - 5551. Let k be v(7). What is the greatest common divisor of 42 and k?
14
Let v(o) = -3*o**2 - 55*o + 55. Let k be v(-14). What is the greatest common divisor of k and 1817?
79
Let k(j) = -77*j**3 + 5*j**2 + 7*j + 1. Let x be k(-2). Suppose -4*i - 17*v + 20*v = -x, i - 150 = -5*v. What is the highest common factor of 31 and i?
31
Let r(f) = -10*f**2 - 47*f - 4. Let u be r(-3). Calculate the highest common divisor of 6 and u.
1
Let d be (-990)/220*(-204)/27. Calculate the greatest common divisor of 14 and d.
2
Suppose -b - 4 = 5*y - 0, y + 8 = b. Let q be ((-10)/(-15))/(b/765). Let n = 75 + -41. Calculate the highest common factor of n and q.
17
Suppose 35 = l - 2*t, -4*l + 4*t = -129 + 9. Calculate the highest common divisor of 1525 and l.
25
Suppose 44*f - 890 = 54*f. Let b = f + 134. Let a = 11 + -2. Calculate the highest common divisor of a and b.
9
Let w(v) = -12*v**2 - 195*v - 38. Let j be w(-13). Calculate the highest common factor of j and 21.
7
Let z(n) = n**3 + 26*n**2 + 15*n + 230. Let i be z(-25). Calculate the greatest common divisor of 752 and i.
16
Suppose 11*v = -2024 + 2233. Calculate the greatest common factor of 532 and v.
19
Suppose 16 = -4*x, -324 = -p - 4*x + 8*x. Calculate the greatest common factor of p and 45892.
308
Suppose 4*x - 38859 = q, 3*x - 2*q = 23157 + 5981. Calculate the highest common divisor of 28 and x.
28
Let o(p) = -3*p**3 + 3*p**2 + 3*p. Let j be o(-2). Suppose 8*l + 17*l - 504 = 4*l. What is the greatest common factor of l and j?
6
Suppose 0 = -v - v + 5*w + 85, 4*w = -12. Let n be ((-4760)/105 + 50/15)*1/(-2). Calculate the highest common divisor of n and v.
7
Suppose g = -2*j + 15, -j + g = -0*j - 9. Let h be (48/8 - 8)/(4/426). Let n be -5*(h/(-60) - 3)*-32. Calculate the greatest common divisor of n and j.
8
Let c be 20/(-15)*(-24)/32*83074. Calculate the greatest common divisor of c and 146.
146
Let h = -93 + 197. Suppose 0 = -5*d + 2*j + h, 3*d = -3*j + 59 + 16. What is the highest common factor of d and 2?
2
Let s be (-2 - -3) + 7 - (1 + 2). Suppose 5*j = -5*g + 20, -s*j + 11 = 6*g - 6. Calculate the highest common factor of 77 and j.
7
Suppose -70*s + 73780 = 13*s - 6149. What is the highest common factor of 4601 and s?
107
Let j(i) = -4*i - 28. Let w be j(-10). Suppose -w*o + 16*o = 16. Let k = -52 - -96. Calculate the highest common divisor of k and o.
4
Let c(l) = -l**3 - 10*l**2 + l + 14. Let d = 26 + -36. Let x be c(d). Suppose x*j - 7*j = -99. What is the greatest common factor of 3 and j?
3
Let l = 241 - 150. Let x = -2390 - -2403. What is the greatest common divisor of l and x?
13
Let g(z) = z**2 - 16*z - 15. Let i be g(17). Let o be 0 + -3 - -59 - i. Calculate the greatest common divisor of o and 36.
18
Let j = 14420 + -10038. Calculate the highest common factor of 28 and j.
14
Let b = 418 - 413. Suppose -2*y + 25 = -b*r, 5*y + 5*r - 3 = 112. Calculate the greatest common factor of 45 and y.
5
Let n(j) = -j**3 + 6*j**2 + 2*j - 10. Let c be n(6). Suppose 0 = 2*u - 10 - c. Suppose -u*z + 4*z = -288. What is the highest common divisor of z and 18?
18
Suppose 4997 = -408*n + 31925. What is the highest common divisor of 2387 and n?
11
Let o be (-9)/6 + (-78)/(-4). Suppose -d = d - x - 661, 0 = d - x - 333. Let u = -130 + d. What is the greatest common factor of u and o?
18
Let r(p) = -2*p**2 + 1 + 0 - p - 40*p**3 + 39*p**3 + 2*p. Let x be r(-2). Let a be (57/(-19))/(1*x). What is the greatest common factor of 6 and a?
3
Let w be 182/6 + (-8)/(-12). Let s(b) = 28*b**2 + 68*b + 43. Let y be s(-5). Calculate the highest common factor of y and w.
31
Let n be 0 + 11 + -3 + 0. Let u(m) = 40*m**3 - m**2 - 9*m + 30. Let r be u(2). What is the greatest common factor of n and r?
8
Let d(y) = 2*y**3 + 2*y**2 - 2*y + 1. Let i be d(1). Suppose 102 = -33*x + 39*x. What is the highest common factor of i and x?
1
Let n = -6026 - -12280. What is the highest common divisor of n and 106?
106
Suppose 3039 + 27217 = -12*v + 73*v. What is the greatest common divisor of v and 944?
16
Let y(v) be the thir